divided by 588.
25
Calculate the remainder when 2098081 is divided by 1779.
640
Calculate the remainder when 2168273 is divided by 323.
297
What is the remainder when 1138056 is divided by 227582?
146
Calculate the remainder when 42067167 is divided by 1268.
1267
Calculate the remainder when 20639907 is divided by 763.
757
What is the remainder when 12978278 is divided by 2595648?
38
Calculate the remainder when 1496636 is divided by 120.
116
What is the remainder when 264480 is divided by 18890?
20
What is the remainder when 17076 is divided by 16994?
82
Calculate the remainder when 120233563 is divided by 4624367.
21
What is the remainder when 2869120 is divided by 229?
208
Calculate the remainder when 7771 is divided by 4216.
3555
What is the remainder when 1661384 is divided by 184588?
92
Calculate the remainder when 881056 is divided by 20977.
22
What is the remainder when 200101 is divided by 66434?
799
What is the remainder when 5082221 is divided by 1674?
1631
Calculate the remainder when 966256 is divided by 218.
80
What is the remainder when 1356491 is divided by 128?
75
What is the remainder when 24523 is divided by 4757?
738
What is the remainder when 552987 is divided by 2443?
869
What is the remainder when 1745780 is divided by 3457?
3452
Calculate the remainder when 493689 is divided by 15414.
441
Calculate the remainder when 23560235 is divided by 9.
8
What is the remainder when 474808 is divided by 948?
808
Calculate the remainder when 10769140 is divided by 28949.
112
What is the remainder when 43543 is divided by 43089?
454
What is the remainder when 228096 is divided by 6672?
1248
What is the remainder when 28751908 is divided by 906?
904
What is the remainder when 342891 is divided by 68467?
556
Calculate the remainder when 21188 is divided by 8125.
4938
What is the remainder when 37637290 is divided by 5?
0
Calculate the remainder when 14961591 is divided by 477.
9
What is the remainder when 379382 is divided by 52?
42
What is the remainder when 194963 is divided by 21058?
5441
What is the remainder when 51736593 is divided by 10347316?
13
Calculate the remainder when 152977 is divided by 2409.
1210
What is the remainder when 13772 is divided by 1777?
1333
What is the remainder when 2013807 is divided by 206?
157
What is the remainder when 79572203 is divided by 128?
107
What is the remainder when 536423 is divided by 4060?
503
What is the remainder when 7386137 is divided by 443?
441
What is the remainder when 1327009 is divided by 78?
73
What is the remainder when 1153632 is divided by 96?
0
What is the remainder when 9952816 is divided by 1646?
1100
What is the remainder when 22098996 is divided by 342?
324
What is the remainder when 5741701 is divided by 24?
13
Calculate the remainder when 439110 is divided by 15106.
1036
What is the remainder when 86874 is divided by 28954?
12
What is the remainder when 178287 is divided by 996?
3
What is the remainder when 903781 is divided by 351?
307
Calculate the remainder when 73820443 is divided by 359.
350
Calculate the remainder when 89089095 is divided by 95.
90
What is the remainder when 27407374 is divided by 18?
16
Calculate the remainder when 38244267 is divided by 23666.
11
What is the remainder when 471740219 is divided by 45?
44
What is the remainder when 46960308 is divided by 23480154?
0
What is the remainder when 18964201 is divided by 133?
130
Calculate the remainder when 57757 is divided by 422.
365
What is the remainder when 73448382 is divided by 1886?
1884
What is the remainder when 3169040 is divided by 275?
215
Calculate the remainder when 1442151 is divided by 480706.
33
What is the remainder when 4354013 is divided by 1297?
1281
Calculate the remainder when 2179278 is divided by 62264.
38
Calculate the remainder when 751347 is divided by 375588.
171
Calculate the remainder when 177816 is divided by 59272.
0
Calculate the remainder when 1146333 is divided by 80.
13
Calculate the remainder when 210706649 is divided by 1925.
1924
What is the remainder when 316313 is divided by 101886?
10655
Calculate the remainder when 923102 is divided by 18837.
89
What is the remainder when 131198 is divided by 593?
145
Calculate the remainder when 648338 is divided by 108036.
122
Calculate the remainder when 150905 is divided by 21553.
34
Calculate the remainder when 5069868 is divided by 9.
6
What is the remainder when 3310638 is divided by 827658?
6
What is the remainder when 35926283 is divided by 283?
282
Calculate the remainder when 984356 is divided by 996.
308
What is the remainder when 649803 is divided by 21660?
3
Calculate the remainder when 9999403 is divided by 404.
403
Calculate the remainder when 1517199 is divided by 23.
4
What is the remainder when 214364 is divided by 4869?
128
Calculate the remainder when 1917840 is divided by 68494.
8
Calculate the remainder when 13289902 is divided by 91.
80
Calculate the remainder when 68314304 is divided by 22771421.
41
Calculate the remainder when 88536 is divided by 1573.
448
What is the remainder when 12134248 is divided by 2977?
2973
Calculate the remainder when 81834735 is divided by 4809.
4791
Calculate the remainder when 12650656 is divided by 84.
4
Calculate the remainder when 10090075 is divided by 588.
583
What is the remainder when 8610908 is divided by 65?
33
Calculate the remainder when 9656 is divided by 1651.
1401
What is the remainder when 2376466 is divided by 216041?
15
What is the remainder when 3985332 is divided by 3087?
15
Calculate the remainder when 1339884 is divided by 269.
264
What is the remainder when 82652 is divided by 81607?
1045
What is the remainder when 1485123 is divided by 164737?
2490
What is the remainder when 36631059 is divided by 5?
4
What is the remainder when 37008634 is divided by 2426?
4
What is the remainder when 64260 is divided by 19?
2
Calculate the remainder when 404641 is divided by 8246.
587
What is the remainder when 53024 is divided by 5299?
34
What is the remainder when 220507545 is divided by 94?
89
What is the remainder when 742132 is divided by 13?
1
Calculate the remainder when 1160596 is divided by 1943.
625
What is the remainder when 8303515 is divided by 496?
475
Calculate the remainder when 3040357 is divided by 11.
1
Calculate the remainder when 184443 is divided by 1143.
420
What is the remainder when 6381922 is divided by 213?
16
What is the remainder when 1773 is divided by 32?
13
What is the remainder when 16272741 is divided by 379?
376
Calculate the remainder when 3999834 is divided by 5602.
6
What is the remainder when 616031 is divided by 205343?
2
Calculate the remainder when 5515679 is divided by 229819.
23
Calculate the remainder when 475391 is divided by 4134.
4115
What is the remainder when 107041 is divided by 53476?
89
What is the remainder when 362107004 is divided by 169?
168
Calculate the remainder when 18259547 is divided by 164.
115
Calculate the remainder when 5023267 is divided by 51783.
316
Calculate the remainder when 729135 is divided by 3360.
15
What is the remainder when 508273019 is divided by 28?
23
Calculate the remainder when 2641307 is divided by 97.
94
Calculate the remainder when 14484777 is divided by 2069251.
20
What is the remainder when 1318650 is divided by 444?
414
Calculate the remainder when 3269665 is divided by 1557.
1522
Calculate the remainder when 39046625 is divided by 2232.
17
Calculate the remainder when 38489151 is divided by 94.
5
Calculate the remainder when 47979900 is divided by 470.
420
Calculate the remainder when 1586941 is divided by 628.
613
Calculate the remainder when 19934 is divided by 19448.
486
What is the remainder when 254111 is divided by 84354?
1049
Calculate the remainder when 64824 is divided by 8075.
224
What is the remainder when 2669151 is divided by 381227?
562
Calculate the remainder when 313120 is divided by 653.
333
Calculate the remainder when 196240 is divided by 14004.
184
Calculate the remainder when 3308584 is divided by 23135.
279
What is the remainder when 6413413 is divided by 360?
13
Calculate the remainder when 38336981 is divided by 51.
26
Calculate the remainder when 82504 is divided by 77963.
4541
Calculate the remainder when 1186636 is divided by 399.
10
Cal